)/m)*(-5 + -2). What is the highest common divisor of w and 5?
5
Let h be (-60)/(-27) + 30/(-135). Suppose 2*p - 5*g = 409, 120 = 2*p + h*g - 296. What is the greatest common divisor of p and 23?
23
Let r(g) = 2*g**2 + g - 69. Let a be r(-11). Let k = -37 + 27. Let q be (3 - k/(-4))*18. What is the highest common factor of a and q?
9
Let r be (-1406)/342*12*(-30)/8. What is the highest common divisor of 7807 and r?
37
Let s = 16 + -8. Let u(f) = -3*f**2 - 65*f + 19. Let y be u(-14). Let g = y + -329. Calculate the highest common divisor of g and s.
4
Suppose 18*x - 117 = 5*x. Suppose 0 = -x*c + 26*c - 544. Suppose 5*j - 64 = 56. What is the highest common divisor of j and c?
8
Suppose -2*n = 4*d + 38, -3*n - 2*d = 33 + 16. Let u(o) = -19*o - 15. Let p be u(n). Calculate the greatest common factor of p and 18.
18
Let f be (-36)/(-558) - -8*1627/62. What is the greatest common divisor of 770 and f?
70
Let y = 653 + -331. Suppose -f + y = -108. Calculate the greatest common factor of 86 and f.
86
Let i = 1512 + -1350. Calculate the highest common divisor of 432 and i.
54
Suppose 41*t = 1130 - 392. Calculate the highest common factor of 1146 and t.
6
Suppose -18*z - 3*r - 2160 = -21*z, 3*z + 5*r - 2176 = 0. Calculate the greatest common divisor of z and 152.
38
Let j = -7052 + 8424. What is the greatest common factor of 21 and j?
7
Suppose -2*h = -5*c - 5929, 36*h = 38*h + 3*c - 5889. Calculate the greatest common factor of h and 18.
18
Let u(i) = -i**3 + 56*i**2 - 111*i + 226. Let g be u(54). What is the greatest common factor of 96 and g?
32
Let m = -68 - 7. Let j = m + 126. Let p(b) = -b**3 + 8*b**2 + 6*b - 6. Let y be p(6). What is the highest common factor of j and y?
51
Suppose 0*w + 43 = 2*w + 3*c, 4*c = 2*w - 36. Let g = -22 - w. Let h be (-192)/g - (-9)/21. Calculate the greatest common factor of h and 5.
5
Suppose 0 = 3*o - 19 - 23. Suppose -5*i + 6*i = o. Let j be ((5 - -23)/2)/(2/1). What is the greatest common factor of i and j?
7
Let z be ((-13)/(-4))/(10 + 30228/(-3024)). What is the highest common divisor of 105 and z?
21
Let u be 34 + -31 - 470/(-2). Let a(y) = -y**3 - 22*y**2 - 20*y + 28. Let w be a(-21). Calculate the greatest common factor of u and w.
7
Let t(v) = -7*v**2 + 350*v + 87. Let j be t(46). Calculate the greatest common divisor of 165 and j.
55
Let z(n) = 41 - n**2 - 7*n - 15*n - 9*n. Let b be z(-20). Calculate the highest common divisor of b and 9.
9
Let l(u) = -2*u**3 - 8*u**2 + 6*u - 1. Let f be l(-9). Suppose 12*o = -f + 7667. What is the highest common divisor of o and 18?
18
Let o be 6/3 + -2 - -6. Let r = 35 + -48. Let i be 2/r - 32/78*-15. What is the greatest common factor of i and o?
6
Let p = -988 - -2101. Calculate the highest common divisor of p and 105.
21
Suppose 5*q + c + 4*c = 85, 41 = q - 5*c. Let t = 355 + -365. Let l be (-214)/(-10) + 4/t. What is the greatest common divisor of l and q?
21
Let j = 553 - 572. Let w be j*1*(-12 + 8). Calculate the highest common divisor of 95 and w.
19
Suppose 2*t + 3*r + 28 = 4*t, -2*t = -5*r - 36. Let b be (-2 + t/(-3))*-3 - -4. What is the highest common divisor of 144 and b?
18
Let t = 158 + -156. Suppose 0 = -x - t*n + 10, 0 = -2*x + n - 4 + 24. What is the highest common divisor of x and 40?
10
Let p be 32/(72/9) + (15 - -2). Let v be -2*2 - (-176)/2. Calculate the greatest common divisor of v and p.
21
Let i = 968 + -876. Suppose 5*k + 2*w = 240, k + 3*w - 17 = 44. What is the greatest common divisor of i and k?
46
Let u be -47*(3 - 2)/(3/(-3)). Let t be u/(-14)*-46 + (-3)/7. Suppose 3*i = -4*i + t. What is the highest common divisor of i and 33?
11
Let u be (-61)/((-10370)/(-204))*10/(4/(-2)). Calculate the greatest common divisor of u and 86.
2
Suppose 242*f = 222*f + 1900. Calculate the greatest common divisor of 2565 and f.
95
Let q be (-106)/265*(0 - 2 - 1248). Calculate the greatest common divisor of 160 and q.
20
Suppose -112*y + 17092 = 211*y - 4226. What is the greatest common divisor of 3762 and y?
66
Let y be 264 - (7/(-14))/(4 + 132/(-32)). What is the highest common divisor of y and 468?
52
Let v = 181 + -169. Suppose -c = 2*s + 3 - 2, -2*c - v = -s. Calculate the highest common divisor of 7 and s.
1
Let s = -2060 - -2063. Suppose -3*b = 4*f - 57, -5*f + 5*b = -2*f - 79. Let q = s + f. Calculate the greatest common divisor of 7 and q.
7
Suppose 9*p + 348 - 456 = 0. What is the greatest common factor of 478 and p?
2
Let a(n) = -1500*n + 3798. Let i be a(-11). What is the highest common divisor of 102 and i?
102
Suppose 3*j - t - 200 = 0, -3*j + 5*j - 130 = 4*t. Let n = 97 - j. Let o be -12*n*(-4)/6. Calculate the greatest common factor of 24 and o.
24
Let t be ((-18)/(-15))/((-2631)/660 + 4). What is the highest common divisor of t and 21626?
22
Suppose 15*a + 7*a = 9*a + 54769. What is the highest common factor of 33 and a?
11
Let f be (-4)/((12/3)/(-4840)) + (4 - 4). What is the highest common divisor of 44 and f?
44
Let c(u) = -2*u**3 + 95*u**2 - 567*u + 2. Let f be c(7). What is the greatest common divisor of 35 and f?
1
Let y be (1 - 4)/((-4)/(-132)). Let m be 8/(-10)*(1 - y/6). Let r be 20/35*m/(-4). What is the greatest common factor of r and 1?
1
Let y(b) = -406*b + 6434. Let n be y(14). Calculate the highest common divisor of n and 12.
6
Let m = 1173 + -242. Suppose -4*v - v + m = 4*z, 5*v + 5*z - 930 = 0. Calculate the highest common divisor of v and 17.
17
Let t be (5 - 3 - ((-258)/(-14) - -5))*-315. Calculate the highest common factor of 54 and t.
54
Let p = -19115 + 22112. Calculate the highest common divisor of 225 and p.
9
Let f = 2329 + -2134. Calculate the highest common divisor of f and 468.
39
Let t be (6/8)/((-5)/(-20)). Suppose k + 1 = t. Suppose 115 = 5*u + v, -5*u + 6*v + 140 = k*v. Calculate the greatest common factor of u and 24.
24
Let v(q) = -33*q + 4. Suppose j - b + 0 = 7, -5*j + 27 = -3*b. Let g be v(j). Let f be (-5 - g/15) + (-4)/(-6). Calculate the highest common divisor of f and 6.
2
Suppose 4*j - 110 = 6*y, 3*y = -0*y + j - 59. Let m(z) = -z**3 - 22*z**2 - 21*z + 31. Let s be m(y). What is the greatest common divisor of 124 and s?
31
Suppose -264 = -z - 11*z. Suppose 154 = -8*n + z*n. What is the highest common factor of 33 and n?
11
Let s = 8203 + -8152. What is the highest common factor of 2091 and s?
51
Let f = -535 - -553. What is the highest common factor of f and 696?
6
Let t be 10 + -9 - 9 - -6*372/3. What is the greatest common factor of t and 1058?
46
Suppose -v + 188 = 2*u - 192, 3*u - 548 = 4*v. What is the highest common factor of u and 1269?
47
Let m = 23848 - 22448. What is the greatest common divisor of 24 and m?
8
Let j be (4/(-6) - -1)/(23/483). Suppose 0 = n - j*n + 126. Suppose -11*i + 10*i = -n. Calculate the highest common divisor of i and 14.
7
Suppose 0 = -10*z + 7*z + 243. Let j(c) = c + 15. Let r be j(-11). Suppose -9*x - r = -85. Calculate the greatest common factor of z and x.
9
Let r(n) = n**3 - 16*n**2 + 5*n - 56. Let p be r(16). Let b be p*5/(-30)*-9. Calculate the highest common divisor of b and 10.
2
Let p(x) = -2*x - 28. Let m be p(-15). Suppose 0 = 2*t - 0*t - 4*u + 6, 2*t + m*u - 6 = 0. Calculate the greatest common factor of t and 12.
1
Let v = 4447 - 4374. Suppose 0 = 3*h + 321 - 825. Let t = h - v. Calculate the highest common factor of t and 19.
19
Let l(x) = 2*x**2 + 16*x + 24. Let s be l(-8). Let k be 105/20 + (-3)/12. Suppose -1056 + 336 = -k*c. What is the highest common factor of c and s?
24
Suppose -10*r = -18*r + 64. Let b = 284 + -84. Calculate the greatest common divisor of b and r.
8
Let n = -5 + 31. Let x = -30 + n. Let m be (-12)/15*550/x. Calculate the highest common divisor of 165 and m.
55
Suppose -u + 10 = -4*j, 5*j - 7*u + 20 = -2*u. Let i be (56/6)/(j + 72/27). Calculate the highest common divisor of 98 and i.
14
Suppose -5*s = 4*x - 930, 62*s - x = 58*s + 765. What is the highest common divisor of s and 1330?
190
Suppose -3*o - 16*z + 164 = 0, 19*o - 3*z = 20*o - 43. What is the highest common factor of 6384 and o?
28
Let v be -2*88/16 + 2921. Calculate the highest common divisor of 45 and v.
15
Let u(t) = 117*t - 43. Let o be u(8). Let d(y) = 2*y**2 - 3*y - 1. Let z be d(4). Calculate the highest common factor of z and o.
19
Let y = 16341 + -16315. L